{"id":444,"date":"2024-01-19T20:33:01","date_gmt":"2024-01-19T23:33:01","guid":{"rendered":"https:\/\/felipeblog.com.br\/?page_id=444"},"modified":"2024-01-19T22:30:54","modified_gmt":"2024-01-20T01:30:54","slug":"como-se-preparar-para-a-viagem","status":"publish","type":"page","link":"https:\/\/felipeblog.com.br\/index.php\/sobreochille\/como-se-preparar-para-a-viagem\/","title":{"rendered":"O que n\u00e3o esquecer de levar ?"},"content":{"rendered":"\n<div class=\"wp-block-group alignfull has-luminous-dusk-gradient-background has-background is-layout-flow wp-block-group-is-layout-flow\" style=\"border-width:1px\">\n<div class=\"wp-block-columns alignwide are-vertically-aligned-center is-layout-flex wp-container-core-columns-is-layout-28f84493 wp-block-columns-is-layout-flex\">\n<div class=\"wp-block-column is-layout-flow wp-block-column-is-layout-flow\" style=\"flex-basis:50%\"><\/div>\n\n\n\n<div class=\"wp-block-column is-layout-flow wp-block-column-is-layout-flow\" style=\"flex-basis:50%\">\n<hr class=\"wp-block-separator has-text-color has-css-opacity has-background is-style-wide\" style=\"background-color:#000000;color:#000000\"\/>\n<\/div>\n<\/div>\n\n\n\n<div class=\"wp-block-columns alignwide is-layout-flex wp-container-core-columns-is-layout-28f84493 wp-block-columns-is-layout-flex\">\n<div class=\"wp-block-column is-layout-flow wp-block-column-is-layout-flow\">\n<p class=\"has-text-align-left has-text-color\" style=\"color:#000000;font-size:30px;line-height:1.1\"><strong>Antes de fazer as malas<\/strong><\/p>\n<\/div>\n\n\n\n<div class=\"wp-block-column is-layout-flow wp-block-column-is-layout-flow\">\n<p class=\"has-text-color has-extra-small-font-size\" style=\"color:#000000\">O viajante precisa se organizar e ficar atento a algumas informa\u00e7\u00f5es essenciais para entrar no Pa\u00eds.<\/p>\n<\/div>\n\n\n\n<div class=\"wp-block-column is-layout-flow wp-block-column-is-layout-flow\">\n<p class=\"has-text-color has-extra-small-font-size\" style=\"color:#000000\">Brasileiros devem ter o documento de identidade (RG) ou um passaporte v\u00e1lido. A habilita\u00e7\u00e3o n\u00e3o serve como documento para entrar no pa\u00eds,&nbsp;mas se voc\u00ea pretende dirigir, deve levar. O visto n\u00e3o \u00e9 necess\u00e1rio para estadias tur\u00edsticas de at\u00e9 90 dias. Ao entrar no pa\u00eds, o visitante receber\u00e1 um cart\u00e3o de turismo (Tarjeta de Turismo), que deve ser devolvido na hora de ir embora. &nbsp;<\/p>\n<\/div>\n<\/div>\n\n\n\n<div style=\"height:40px\" aria-hidden=\"true\" class=\"wp-block-spacer\"><\/div>\n<\/div>\n\n\n\n<div class=\"wp-block-columns alignfull is-layout-flex wp-container-core-columns-is-layout-28f84493 wp-block-columns-is-layout-flex\" style=\"border-width:1px\">\n<div class=\"wp-block-column is-layout-flow wp-block-column-is-layout-flow\" style=\"flex-basis:50%\">\n<div class=\"wp-block-cover is-light\" style=\"min-height:529px;aspect-ratio:unset;\"><span aria-hidden=\"true\" class=\"wp-block-cover__background has-background-dim-100 has-background-dim has-background-gradient has-cool-to-warm-spectrum-gradient-background\"><\/span><div class=\"wp-block-cover__inner-container is-layout-flow wp-block-cover-is-layout-flow\">\n<figure class=\"wp-block-image aligncenter size-full\"><img decoding=\"async\" src=\"https:\/\/felipeblog.com.br\/wp-content\/uploads\/2023\/12\/IMG_9286.heic\" alt=\"\" class=\"wp-image-139\"\/><\/figure>\n<\/div><\/div>\n<\/div>\n\n\n\n<div class=\"wp-block-column is-vertically-aligned-center is-layout-flow wp-block-column-is-layout-flow\" style=\"padding-top:1em;padding-right:1em;padding-bottom:1em;padding-left:1em\">\n<div class=\"wp-block-columns are-vertically-aligned-center is-layout-flex wp-container-core-columns-is-layout-28f84493 wp-block-columns-is-layout-flex\">\n<div class=\"wp-block-column is-vertically-aligned-center is-layout-flow wp-block-column-is-layout-flow\" style=\"flex-basis:320px\">\n<p>Com rela\u00e7\u00e3o \u00e0 vacina\u00e7\u00e3o contra Covid-19, o governo chileno suspendeu a exig\u00eancia de teste PCR, assim como o certificado de vacina\u00e7\u00e3o para a entrada no pa\u00eds.<\/p>\n\n\n\n<p>Para entrar no Chile, tamb\u00e9m \u00e9 preciso preencher a \u2018Declara\u00e7\u00e3o SAG\u201d, um formul\u00e1rio para declarar se est\u00e1 entrando no pa\u00eds com algum produto de origem animal ou vegetal. Ela pode ser&nbsp;<a href=\"https:\/\/djsimple.sag.gob.cl\/etapas\/ejecutar\/5159436\">preenchida on-line, atrav\u00e9s desse link<\/a>&nbsp;e tamb\u00e9m por meio de formul\u00e1rio impresso, dispon\u00edvel no aeroporto de Santiago. &nbsp;<\/p>\n\n\n\n<p>O idioma oficial do Chile \u00e9 o espanhol. \u00c9 \u00fatil ter conhecimentos b\u00e1sicos da l\u00edngua. Al\u00e9m disso, em \u00e1reas tur\u00edsticas, muitas pessoas falam ingl\u00eas. &nbsp;<\/p>\n\n\n\n<p>A moeda oficial \u00e9 o peso chileno (CLP). Verifique a taxa de c\u00e2mbio antes de viajar. Cart\u00f5es de cr\u00e9dito s\u00e3o aceitos na maioria dos estabelecimentos. &nbsp;<\/p>\n\n\n\n<p>\u00c9 recomend\u00e1vel contratar um seguro viagem que cubra despesas m\u00e9dicas, caso seja necess\u00e1rio.<\/p>\n\n\n\n<p><strong>Importante \u2013<\/strong>&nbsp;Lembre-se de verificar as informa\u00e7\u00f5es atualizadas antes de sua viagem, pois os requisitos podem mudar ao longo do tempo. &nbsp;&nbsp;<\/p>\n\n\n\n<p><\/p>\n<\/div>\n<\/div>\n<\/div>\n<\/div>\n\n\n\n<div class=\"wp-block-group has-cool-to-warm-spectrum-gradient-background has-background is-layout-constrained wp-container-core-group-is-layout-8a5293b0 wp-block-group-is-layout-constrained\" style=\"padding-top:var(--wp--preset--spacing--80);padding-right:var(--wp--preset--spacing--40);padding-bottom:var(--wp--preset--spacing--80);padding-left:var(--wp--preset--spacing--40)\">\n<div class=\"wp-block-columns are-vertically-aligned-center is-layout-flex wp-container-core-columns-is-layout-28f84493 wp-block-columns-is-layout-flex\">\n<div class=\"wp-block-column is-vertically-aligned-center is-layout-flow wp-block-column-is-layout-flow\" style=\"flex-basis:66.66%\">\n<h1 class=\"wp-block-heading has-text-align-left has-foregound-alt-color has-text-color has-xx-large-font-size\" style=\"font-style:normal;font-weight:500\">SAIBA o porque que o Chile \u00e9 querido pelos Brasileiros?<\/h1>\n\n\n\n<p class=\"has-text-align-left has-text-color\" style=\"color:#d7caea;line-height:1.7\">Com experi\u00eancias que agradam a todos os tipos de viajantes, o Chile \u00e9 um destino incr\u00edvel, que pode ser escolhido nas suas pr\u00f3ximas f\u00e9rias e tamb\u00e9m para viagens mais curtas, de uma semana, por exemplo\u2026<\/p>\n<\/div>\n\n\n\n<div class=\"wp-block-column is-vertically-aligned-center is-layout-flow wp-block-column-is-layout-flow\" style=\"flex-basis:33.33%\">\n<div class=\"wp-block-buttons is-content-justification-right is-layout-flex wp-container-core-buttons-is-layout-938e48ea wp-block-buttons-is-layout-flex\" style=\"margin-top:var(--wp--preset--spacing--60)\">\n<div class=\"wp-block-button is-style-button-hover-secondary-bgcolor\"><a class=\"wp-block-button__link has-heading-color-color has-background-background-color has-text-color has-background wp-element-button\" href=\"https:\/\/felipeblog.com.br\/index.php\/sobreochille\/chile-querido-pelos-brasileiros\/\" style=\"padding-top:1.2rem;padding-right:var(--wp--preset--spacing--50);padding-bottom:1.2rem;padding-left:var(--wp--preset--spacing--50)\">Ler Sobre !<\/a><\/div>\n<\/div>\n<\/div>\n<\/div>\n<\/div>\n","protected":false},"excerpt":{"rendered":"<p>Antes de fazer as malas O viajante precisa se organizar e ficar atento a algumas informa\u00e7\u00f5es essenciais para entrar no Pa\u00eds. Brasileiros devem ter o documento de identidade (RG)&#8230;<\/p>\n","protected":false},"author":1,"featured_media":0,"parent":170,"menu_order":0,"comment_status":"closed","ping_status":"closed","template":"","meta":{"_eb_attr":"","footnotes":""},"class_list":["post-444","page","type-page","status-publish","hentry"],"_links":{"self":[{"href":"https:\/\/felipeblog.com.br\/index.php\/wp-json\/wp\/v2\/pages\/444","targetHints":{"allow":["GET"]}}],"collection":[{"href":"https:\/\/felipeblog.com.br\/index.php\/wp-json\/wp\/v2\/pages"}],"about":[{"href":"https:\/\/felipeblog.com.br\/index.php\/wp-json\/wp\/v2\/types\/page"}],"author":[{"embeddable":true,"href":"https:\/\/felipeblog.com.br\/index.php\/wp-json\/wp\/v2\/users\/1"}],"replies":[{"embeddable":true,"href":"https:\/\/felipeblog.com.br\/index.php\/wp-json\/wp\/v2\/comments?post=444"}],"version-history":[{"count":7,"href":"https:\/\/felipeblog.com.br\/index.php\/wp-json\/wp\/v2\/pages\/444\/revisions"}],"predecessor-version":[{"id":463,"href":"https:\/\/felipeblog.com.br\/index.php\/wp-json\/wp\/v2\/pages\/444\/revisions\/463"}],"up":[{"embeddable":true,"href":"https:\/\/felipeblog.com.br\/index.php\/wp-json\/wp\/v2\/pages\/170"}],"wp:attachment":[{"href":"https:\/\/felipeblog.com.br\/index.php\/wp-json\/wp\/v2\/media?parent=444"}],"curies":[{"name":"wp","href":"https:\/\/api.w.org\/{rel}","templated":true}]}}